e greatest common divisor of m and b.
7
Suppose 2*s + 2*i - 7*i - 31 = 0, -23 = -s + 4*i. Let u be (-9)/(-3) - (s + -64). What is the highest common factor of u and 8?
8
Let y(k) = -k**2 + 9*k - 5. Let x be y(4). Suppose -50*f = -46*f - 216. Let q be (10/4)/(1/f). What is the highest common divisor of q and x?
15
Let u(b) = 10*b**2 - 220*b + 4. Let l be u(23). Let f = 12 + 14. Calculate the highest common factor of l and f.
26
Let y(o) = -30*o**3 + 3*o + 4. Let f be y(-1). Suppose 10*r + f = 341. Calculate the greatest common factor of 93 and r.
31
Suppose 5*n - 438 = -3*a, -186 = -5*n + 3*a + 276. Calculate the highest common divisor of n and 171.
9
Let f = 467 + -270. Let j = f - 29. What is the highest common factor of 112 and j?
56
Let k be ((-12)/10*3)/(10/(-1725)). Calculate the highest common divisor of k and 46.
23
Let i be (-1)/4 - (-11050)/40. Calculate the greatest common divisor of i and 46.
46
Suppose 5*b = -5*m + 30, -3*b + b + 4*m + 6 = 0. Suppose -14 = -b*p + 26. What is the greatest common divisor of p and 12?
4
Let y be 4/(-3)*282/(-8). Let x = y - 15. What is the greatest common divisor of x and 160?
32
Let b = -94 + 167. What is the greatest common divisor of 803 and b?
73
Suppose 37 + 26 = 3*o. Suppose -h + 3*n - 6*n = -o, -5*n = -h + 13. Calculate the greatest common divisor of 12 and h.
6
Let c = 357 - 221. What is the greatest common factor of 34 and c?
34
Suppose 2*t + o + o = 2172, -5*o + 1074 = t. Let q = t - 653. Suppose 5*c = -i + q, -c = -2*i - 70 - 26. Calculate the greatest common factor of c and 8.
8
Suppose 0 = s + 2 + 18. Let h be 3080/s*(6/4 - 2). What is the highest common divisor of h and 7?
7
Let i be -102*2/(-12) - 6. What is the highest common factor of 22 and i?
11
Let q(p) = -2*p**3 - 21*p**2 - 13*p - 6. Let t be q(-10). Calculate the highest common factor of 132 and t.
12
Let b(z) = z**2 + 9*z + 20. Let v be b(-13). Suppose 2*y = 2 + 14. What is the highest common divisor of y and v?
8
Let c = 1410 + -786. What is the greatest common factor of 39 and c?
39
Let d be (-4)/(-42)*690 - (-4)/14. Let o be 105/33 + 4/d*-3. Suppose -3*u + 2*u = -3. What is the highest common divisor of u and o?
3
Let k(p) = p**3 - 22*p**2 + 43*p - 39. Let u be k(20). What is the greatest common factor of u and 12?
3
Let t = 2686 + -2656. Let j = 9 + 1. Calculate the highest common divisor of j and t.
10
Suppose -4*h + 2*s + 2240 = 0, -4*h + 5*s + 560 = -3*h. Calculate the highest common factor of 80 and h.
80
Suppose -5*q - 10 = -3*t - 2*t, -2*q - 19 = -5*t. Suppose -2*a + a + 291 = -t*n, 5*n = 5*a - 1355. What is the greatest common divisor of a and 38?
38
Suppose 88*n - 132*n = -39732. Calculate the highest common factor of 21 and n.
21
Suppose 5*b + 0*b = 70. Suppose -7*n = -182 - 602. What is the greatest common divisor of b and n?
14
Let n(x) = 11*x + 2. Let b be n(9). Suppose 0 = 4*m + k - 80, 5*m - 5*k = -6*k + b. What is the highest common factor of m and 28?
7
Let n(v) = -32*v - 70. Let k be n(-10). What is the highest common divisor of k and 100?
50
Let w = 199 - -39. Calculate the greatest common divisor of w and 14.
14
Suppose 5*g + 4 = -5*z + 49, 4*g - 6 = 2*z. Suppose -6*o - o + 7 = 0. Calculate the greatest common divisor of o and g.
1
Suppose -697 = -2*o - 11. Suppose -13*w = -o - 307. Calculate the greatest common factor of 350 and w.
50
Let g be (-1824)/26 + 30/195. Let c = 71 + g. What is the greatest common divisor of c and 5?
1
Suppose 2*b = 6, i + 2*i + 2*b = 39. Let f = 11 - i. Suppose f = 4*c + c + 4*w - 274, 3*w - 3 = 0. Calculate the greatest common divisor of 36 and c.
18
Suppose -u + 2*m = -66, -33*u + 343 = -28*u + 3*m. Let v = -21 - -38. What is the highest common divisor of v and u?
17
Let m = -1136 - -1548. Calculate the greatest common factor of 8 and m.
4
Suppose 9*s - 2*l - 34 = 5*s, -4*s + 5*l + 31 = 0. Let o(v) = 2*v - 11. Let x be o(19). What is the greatest common divisor of x and s?
9
Let u(i) = 34*i. Let y be u(1). Let f(s) = 4*s - 199. Let q be f(54). What is the greatest common factor of q and y?
17
Suppose -25*j - 15*j = -1240. What is the greatest common factor of 2728 and j?
31
Suppose t + 3*j = -6 - 0, 2*t - 33 = 3*j. Suppose -b = -33 + t. What is the highest common factor of b and 60?
12
Let x = 19315 + -19299. Let j(k) = -45*k - 4. Let y be j(-4). What is the highest common factor of y and x?
16
Suppose 5*v = 2*y + 1040, 0 = -v + 5*y + 75 + 133. What is the greatest common divisor of v and 26?
26
Let m = 975 + -311. Calculate the greatest common divisor of m and 24.
8
Let c = -2026 - -2488. What is the greatest common divisor of 616 and c?
154
Let d = -36 - -41. Let g = d - -11. Calculate the highest common divisor of g and 64.
16
Suppose 18 + 15 = 3*r. Calculate the highest common factor of 814 and r.
11
Suppose 0*h + 48 = h. Let s(i) = -i**3 - 8*i**2 + 9*i + 2. Let c be s(-9). Let p be c/(0 + 3/24). Calculate the greatest common divisor of h and p.
16
Let l = 7181 + -4774. Calculate the greatest common divisor of l and 58.
29
Let v(q) = -22 - 5 - 8*q + 21. Let p be (-6)/21 + 24/(-14). Let r be v(p). What is the greatest common divisor of r and 40?
10
Suppose -s = -7*s + 12. What is the highest common factor of 2 and s?
2
Let v = 612 - 489. Calculate the highest common divisor of v and 287.
41
Suppose -99 = -16*a - 3. Let u = -14 - -20. Suppose 4 = -4*b, -3*b + 261 = u*x - 2*x. What is the highest common divisor of a and x?
6
Let i be (-480 + 0)*6/(-5). Suppose 13*a - 17*a = -i. Let k be 3 + (-5)/((-20)/a). What is the greatest common divisor of 13 and k?
13
Suppose -142 = -29*h + 32. What is the highest common divisor of 48 and h?
6
Suppose -n - 3*a + 3 = -5*n, -n - 3 = -3*a. Suppose 0 = -4*s + 2*h + 322, n*h + 415 = 5*s - 5*h. What is the highest common divisor of s and 39?
39
Suppose 0 = -k + 3, 11 = 3*h + k - 250. What is the greatest common factor of h and 2?
2
Let o be ((-1)/(-1) + 1)/(1/(-10)). Let r = -18 - o. Calculate the greatest common divisor of 34 and r.
2
Let b = 25 - 2. Suppose -2*a + 27 + b = 0. What is the highest common divisor of 75 and a?
25
Suppose 5*b - 5*j - 54 = -j, -j = 1. Let t be 0*(1 - (-1)/(-2)). Suppose -w + 2 + b = t. Calculate the highest common factor of 12 and w.
12
Let t be ((-126)/(-28))/((-84)/160)*-49. What is the highest common factor of 525 and t?
105
Let x be (-160)/(-20) - (0 - 3). Let h = x + 2. Suppose -5*b + 0*b + 325 = 0. Calculate the greatest common divisor of h and b.
13
Let j = -3 + 60. What is the greatest common divisor of 95 and j?
19
Let q = 11 + 34. Let m(f) = 4*f + f + 73*f**2 + 0*f - 63*f**2. Let a be m(-2). Calculate the greatest common divisor of q and a.
15
Let n(r) = 5*r + 3. Let i = -12 + 9. Let f be n(i). Let w be (-294)/f + (-1)/2. Calculate the highest common factor of 60 and w.
12
Suppose 0*d + 3*s - 4 = -4*d, d - 5*s - 24 = 0. Suppose -9 + 73 = d*k. Calculate the highest common divisor of k and 24.
8
Suppose -1 = b, -2*b + 6*b = -l - 3. What is the greatest common factor of 23 and l?
1
Let m(b) = 3*b**2 + 10*b - 1. Let c be m(-6). Suppose -7*l + 9 = -c. Calculate the highest common divisor of l and 56.
8
Let q(g) be the second derivative of -g**3/6 + 2*g**2 - g. Let b be q(-5). Suppose 444*l - 27 = 443*l. What is the highest common divisor of b and l?
9
Let r(f) be the second derivative of -f**5/20 - 5*f**4/6 - f**3/3 + 9*f**2/2 + 2*f + 23. Let y be r(-10). Calculate the highest common factor of y and 29.
29
Let l be (-2)/(-7) + 19/7. Let v = 28 - -5. What is the greatest common factor of l and v?
3
Let g(r) = r + 4. Let i be g(17). Suppose 2*h - 20 = -q, -3*h + 0*q + 3*q = -i. What is the greatest common factor of 27 and h?
9
Suppose -17*s = -21*s + 368. Let n be (-1 - -2) + 6/(24/s). Let m(j) = 3*j + 3. Let h be m(3). Calculate the greatest common divisor of n and h.
12
Let b be 20/(-5)*(151/(-4) - 0). Suppose 2*o + 0*o - a - b = 0, o = -4*a + 71. What is the greatest common divisor of 25 and o?
25
Suppose 140 = -7*f + 12*f. Suppose -4*g = -o - 0*g + 216, 3*o + 2*g = 676. What is the highest common factor of f and o?
28
Suppose -3*y + 5*i + 204 = 0, -2*y - 48 = 3*i - 165. Let t = 11 - -3. Calculate the highest common factor of y and t.
7
Suppose 0 = 163*h - 164*h + 26. Calculate the greatest common fac